 value of -40 - (-12 - (14 + -13))?
-27
What is 74 + (-2 - 9 - 7 - -1)?
57
What is 175 - 246 - (-132 - 1)?
62
Calculate 22 + (31 + -28 - -21) + (-9 - 1).
36
What is the value of 1 + 48 + -160 + 39?
-72
Evaluate (16 - (-4 + 12)) + 4 - (-30 - -44).
-2
Calculate -3 - 3 - ((8 + -17 - -11) + 14).
-22
Calculate -146 - (88 - 247 - -137).
-124
Evaluate 1 - 14 - (-4 - (-59 - -49)).
-19
What is (-1 - -8) + -793 + 788 + 81?
83
(9 - 45) + 41 + -20 + 12
-3
What is -47 + (70 - (21 - -8)) + -23?
-29
What is (-13 - -4) + -3 + 0 - (-237 - (-27 - 77))?
121
Evaluate 13 + (-514 + 516 - (0 - (2 + -32))).
-15
What is (-32 - (-7 + (-5 - -14) + 4)) + (0 - -8)?
-30
What is the value of 3 + -83 - (-502 - -472)?
-50
-4213 + 4267 - (2 - -74)
-22
Calculate 10 + 3 + (9 - (-29 - -11)).
40
What is (-391 - -276) + (-4 - 5) + (12 - 13)?
-125
What is the value of (16 - 21) + (25 - -14) + -64?
-30
What is the value of 38 - -1 - (-720 + 726)?
33
Evaluate 25 + -9 + -27 - -33 - -31.
53
Evaluate -4 + -10 - (-40 - (-8 - -9)).
27
-34 - -94 - (-2 - (-10 + 3 + 0) - -7)
48
0 + (-1 - 24) + 7 + -4 + -792 + 793
-21
What is -287 + -4 + (125 - -34)?
-132
Evaluate (-36 - -47) + (-2 - (3 + 5)) + -21.
-20
Calculate 3 + (5 - 45) + (-4 - -14) + -3 + -4.
-34
What is the value of (-1 + 1 - (0 + 4)) + (-231931 - -231979)?
44
Calculate (-3 - ((3 - -1) + -1)) + (135 - (-89 + 335)).
-117
What is the value of (42 - 15) + (-23 - 1) + 5 + -138?
-130
Evaluate (-67 - -66) + (-9 - -42) - -25.
57
Calculate -41 + -5 + 23 + ((-11 - -17) + 8 - 28).
-37
What is the value of 92 - (271 + (105 - 194))?
-90
15 + 5 - 25 - 10 - 29
-44
What is -12 - ((-25 - -26) + (1 - 25)) - 2?
9
Evaluate 0 + 1 + (-36 - (-15 - (-13 + 20))).
-13
What is the value of 0 + (-19 - 0) - (1376 - 1426)?
31
Evaluate 11 + (1 - (1 - -1)) + (-140 + -122 - -126).
-126
Evaluate (1 - 9) + (-120 - -140) + (18 - 0) + 1.
31
47 + -20 + -9 + (-112 - 14) + -3
-111
Calculate (472 - 474) + 1 + -9.
-10
Calculate -97 + (135 - (-75 - -78)).
35
42 - (-4 + 6 - -36)
4
Evaluate -5 - (-4 + -20 + (8 - 4) + -9).
24
Evaluate -26 - (-19 + 14 - -25 - 36).
-10
17 + -2 - (-1187 - -1199)
3
What is (4 - 8) + -5 - (29 + (-59 - -39))?
-18
What is the value of 10 + 3 + -4 + 8 + (-3 + 5 - 6)?
13
Calculate -9 - (73 + -23 + -29).
-30
Evaluate 5178 + -5162 + -3 + -125 + -3.
-115
Calculate -27 + 6 + (-207 - -271).
43
What is (-1 - -10) + (10 + -36 - -2) + 85 + 2?
72
7 - (10 + (-30 - 8) - -6)
29
Evaluate -1 + (-48 + 83 + -29 - (3 + -1)).
3
10 + (-17 - (32 + -18 + 28)) - -9
-40
Calculate 9 + (8 - 51) + -3 + 4 + (1 - 9).
-41
Calculate (2 - -8 - -36) + (-11 - ((-7 - 18) + 5)).
55
Calculate (-67 - (-135 + 193)) + 131.
6
Evaluate 119 - (-4 - (11 + -3 + -19 - (-2 - -4))).
110
Evaluate -53 - -81 - 134 - -146.
40
What is the value of 100 + -104 + 18 + 66 + (-4 - -1)?
77
192 + (-92 - 21) + -84
-5
Evaluate 117 + 77 + -160 - 83.
-49
What is (-3 - 31) + -8 + 57?
15
Calculate (-5 + -6 - (-15 + (-2 - -12)) - 28) + -10.
-44
-9 - (21 + (-6 - (-6 + -5 - -13)))
-22
Calculate 28 + -6 + (-122 - -58).
-42
Evaluate (-152 - -131) + (9 - -1) + 3 + 28.
20
What is -17 - 25 - (-34 + 21 + -1)?
-28
What is the value of 11 + -60 - -51 - (-2 + (-2 - (-1 + 51)))?
56
Calculate 43 + (5 - 0) + (8 - (72 + -76)).
60
What is the value of (16 - (15 + -3 + -8)) + (-59 - 62)?
-109
What is the value of (-2258 - -2236) + -2 + (1 - 75)?
-98
65 - (91 - -40) - -106
40
Calculate -17 - -10 - 2 - (-102 - (-8 + -3) - -5).
77
What is 56 + -213 + 66 - -51?
-40
What is -115 + (-9 - (34 - 18) - -25 - 2)?
-117
What is ((1 - (-6 - -13)) + (7 - -6) - -40) + 2?
49
Evaluate -30 + (-6 - (2 - (4 - (-3 - -7)))).
-38
33 + -58 + 26 - (3 + 19)
-21
Evaluate -77 + -25 + 45 - (-1 + (-1 - (6 + 1))).
-48
Calculate (-14 - 2) + 6 + -9 + 21.
2
What is 184 - 27 - 212 - (1 + 38)?
-94
Calculate -10 + -4 + (31 + 32 - (9 - 8)).
48
(8 - 35) + 8 + -26 - (3 - (-2 + -2))
-52
34 + 53 + -163 + 92
16
Calculate -52 + (32 - (18 + -33)).
-5
133 - 114 - (-83 - -31)
71
-970 + 932 + (-3 - -2) + 0
-39
Evaluate -11 + 8 + -9 + (-2 - (-53 - -2)).
37
What is -13 + 20 + -22 + -14 + 8?
-21
What is (52 - (38 - -15)) + -8 - (134 + 0 + 0)?
-143
Calculate 30 + (-11 - (51 - 16)) + (8 - 123).
-131
20 + -16 + (-93 - (-15 - -1) - -13)
-62
(0 - (-9 + -10 + 22)) + (-12 + 3 - 42)
-54
What is 56 - 90 - (28 + -71)?
9
Evaluate 0 + -11 + 13 + -42 + -12.
-52
What is the value of 141 - (-133 - (35 + -439))?
-130
What is the value of 6 - (-136 + 102) - 133?
-93
Evaluate 35 + -1 + 19 + (681 - 724).
10
What is the value of -28 + 53 + -54 + -4 + 1?
-32
(107 - 101) + (53 - 188)
-129
Evaluate -46658 - -46538 - (-111 + 1).
-10
What is the value of (-3 - (0 + -1 + 1)) + 4 - (5 + -50)?
46
(47 - 74) + 14 - -57
44
Calculate 3 + 5 + 5 - (3 - (-37 + 0)).
-27
What is -40 + (64 - (107 - 91))?
8
What is (159 - 193) + (13 - -52)?
31
Calculate 49 - 31 - (398 - 398 - (8 + 0 + -1)).
25
What is (-24 - -6 - -28) + 7 + -14?
3
What is -103 - (-169 + 96 + -129)?
99
What is 7 + (74 - 86) - -25?
20
Calculate -52 + 49 + -6 + 1 + 11 + 1 - 65.
-61
Calculate -14310 - -14149 - (0 - 276).
115
Evaluate -1449 + 1431 - (2 + -2 + -34) - 87.
-71
What is (72 - (-8 + 99)) + 24 + (0 - 1) + 12?
16
What is 0 + (14 - 29 - -5) + 75 + (-6 - -4)?
63
What is -8 + 4 + 13 + (-22 + 20 - 3) - 59?
-55
What is (0 - 7) + (-13 - -11 - -1) - (-7 - -79)?
-80
Calculate -12 + 4 - (430 - 541).
103
Calculate (-3 + -31 - -16) + 7 + 15.
4
(8 - 1) + -26 + (24 - -4) - -18
27
What is the value of 84 + (-41 + -37 - 3)?
3
Evaluate 1 + 62 + -1 - 0 - (621 - 461 - 155).
57
52 + (12 - (15 + 34))
15
What is (-103 - (-17 + -19)) + 36?
-31
Calculate 1 - -1 - ((10 + 25 - 27) + -15).
9
Calculate 0 + -15 + (541 - 506).
20
Evaluate (42 + -64 - (-9 - 6 - -3)) + -25.
-35
-80 + -22 + 1 - -21 - (15 + -12)
-83
What is the value of (-7 - -5) + (2 - (2 + -2)) + (29 - 38)?
-9
What is 18 - (-4 - 20) - 38?
4
Calculate (-14 - -13) + -22 + 1 + -1 + (826 - 812).
-9
Calculate 133 - (-11 - -95) - 184.
-135
What is the value of (10 - -1) + (268 - 274) - -15?
20
Calculate (91 - (39 - 17)) + -33 + -104.
-68
((32 + -20 - 34) + 35 - -9) + -86
-64
What is 15 + (-24 - 0) + 1050 + -987?
54
What is the value of 7903 + -7852 - (6 + (0 - -2))?
43
Evaluate 5 + (-15 - 64) - -10.
-64
Evaluate (-25 - -30) + -54 + (5 - 22).
-66
-6 + (-2 - 5) - (2 + -9) - (13 + 4)
-23
What is -28 + -13 - (-182 + 161)?
-20
What is the value of -34 + 90 + -2 + -1 + -2?
51
What is -13 - (10 - (-7 - 4 - (6 - 5)))?
-35
What is -99 + 40 + 13 + -40 + (1 + -22 - 3)?
-110
-49 + (87 - 36) - (26 + 2)
-26
Evaluate -22 + (89 - 42) + -15.
10
Evaluate 22 + (-3 - 5) - (-67 - -98).
-17
2 - (-4 + 16 + -7) - (-12 + 3 + 4)
2
-4 + 66 - (-115 + 147)
30
What is -23 - (-21 + 5) - (3 + -12 - -54)?
-52
Calculate -5 + -1 + -25 - (0 + -4 - -11).
-38
118 - 122 - (1 - (-6 - 51))
-62
Calculate -2423 + 2336 + (-1 - -86) - (1 + 90 + -1).
-92
Calculate -26 + (32 - 1 - -16 - 3).
18
-18 + (-3 - (-37 + -14)) + 12 + -4
38
What is the value of 1 - 11 - (17 + 13 + 33 + (-10 - -12))?
-75
(-27 - 13 - (33 + -13)) + 12
-48
Calculate (4 - -19) + -141 + 154.
36
Evaluate -89 + 87 + -53 + 15.
-40
Evaluate 46 + (-67 - 17) - -1.
-37
What is the value of 13 - (10 + -17 - (-10 + 9))?
19
What is the value of (-36 - (5 - 14)) + 55 - 74?
-46
(-99 + -50 - -114) + 47
12
10 + -8 + 16 + -144 + 131
5
Evaluate 7 + -16 + (-107 - -14) + 13 + 11 + -3.
-81
Calculate 56 + 8 + -7 - (4 + 15).
38
What is -50 + 2 - (9225 + -9336)?
63
17 + -8 + (-32 - -28 - 32)
-27
What is the value of 3 + (176 + -171 - (8 + 0)) + 5?
5
Evaluate -81 - (129 - 294 - -109).
-25
-244 + 213 - (-57 + 1)
25
What is -1 + 2 + -3 + 2506 + -2491 - 23?
-10
What is the value of -80 + (9 - -47 - (87 - 58))?
-53
-31 + -85 - (-47 + 60)
-129
What is the value of -75 + 8 + 13 + (10 - (-7 - -15)) + 1?
-51
Evaluate -5 - -1 - ((97 - 71) + 5).
-35
(25 - (4 - 3 - -145)) + 24
-97
Calculate 10 + -1 + 17 + (-12 - -16) + -30 + -33.
-33
What is -21 + -1 + (145 - (-141 + 282))?
-18
Evaluate -63 + (-28 - -90) - (-19 - 4).
22
-209 + 128 - (27 - 96)
-12
What is 19 + -11 + (12 - 17) + -4 - 22?
-23
What is the value of (-16 - 31) + (-3 - 1 - (4 + 5 - 9))?
-51
Evaluate 0 + (3 - (-4 - (-7 + 17 + 2 + 21))).
40
What is the value of (-137 - (-183 - -62)) + 1 + -1 + -86?
-102
-5 + 0 + -57 + (-21 - ((-28 - -12) + 3))
-70
What is the value of -1 +